{"id":72,"date":"2025-06-05T15:43:56","date_gmt":"2025-06-05T13:43:56","guid":{"rendered":"https:\/\/terroir-solidaire.org\/?page_id=72"},"modified":"2025-12-10T19:31:08","modified_gmt":"2025-12-10T18:31:08","slug":"soutenir-notre-action","status":"publish","type":"page","link":"https:\/\/terroir-solidaire.org\/index.php\/soutenir-notre-action\/","title":{"rendered":"Soutenir notre action"},"content":{"rendered":"\n<h5 class=\"wp-block-heading\">Nos moyens<\/h5>\n\n\n\n<p id=\"u384-6\">Ni le Relais Saint Martin, ni la Parenth\u00e8se, ni la S\u00e9ca ne souhaitent en aucune fa\u00e7on se substituer aux acteurs institutionnels agissant dans le domaine du conseil ou de l\u2019assistance. Elles souhaitent plus simplement mettre \u00e0 la disposition des Centres M\u00e9dico-Sociaux et des CCAS qui \u0153uvrent dans son p\u00e9rim\u00e8tre d\u2019activit\u00e9, des outils de proximit\u00e9 suffisamment r\u00e9actifs appliquant des proc\u00e9dures simplifi\u00e9es.<\/p>\n\n\n\n<p id=\"u384-11\">Nos actions sont le plus souvent men\u00e9es conjointement avec les acteurs institutionnels des secteurs concern\u00e9s, dont les avis et instructions restent pour nous d\u00e9terminants.<\/p>\n\n\n\n<p id=\"u384-17\"><strong>Les trois associations concern\u00e9es essaient ainsi de promouvoir localement&nbsp;une d\u00e9mocratie d\u2019implication citoyenne fond\u00e9e sur l\u2019\u00e9gale dignit\u00e9 de chacun.&nbsp;Elles ne per\u00e7oivent&nbsp;aucune subvention d\u2019argent public.<\/strong><\/p>\n\n\n\n<figure class=\"wp-block-image size-full is-resized\"><img loading=\"lazy\" decoding=\"async\" width=\"849\" height=\"566\" src=\"https:\/\/terroir-solidaire.org\/wp-content\/uploads\/2025\/06\/fotolia_69914734_s.jpg\" alt=\"\" class=\"wp-image-73\" style=\"width:646px;height:auto\" srcset=\"https:\/\/terroir-solidaire.org\/wp-content\/uploads\/2025\/06\/fotolia_69914734_s.jpg 849w, https:\/\/terroir-solidaire.org\/wp-content\/uploads\/2025\/06\/fotolia_69914734_s-300x200.jpg 300w, https:\/\/terroir-solidaire.org\/wp-content\/uploads\/2025\/06\/fotolia_69914734_s-768x512.jpg 768w\" sizes=\"auto, (max-width: 849px) 100vw, 849px\" \/><\/figure>\n\n\n\n<h5 class=\"wp-block-heading\">Comment soutenir notre action ?<\/h5>\n\n\n\n<p id=\"u473-6\">Aujourd\u2019hui pour beaucoup d\u2019entre vous les occupations professionnelles et familiales ne permettent pas de d\u00e9gager du temps pour participer ou assurer des responsabilit\u00e9s r\u00e9guli\u00e8res\u2026demain peut-\u00eatre.<\/p>\n\n\n\n<p id=\"u473-9\">Toutefois une simple adh\u00e9sion \u00e0 l\u2019une ou l\u2019autre (ou aux trois) des associations constituerait pour elles un encouragement \u00e0 poursuivre et un exemple de coh\u00e9sion d\u2019un territoire.<\/p>\n\n\n\n<p id=\"u473-12\">Les cotisations annuelles sont identiques pour chacune des trois associations soit 10\u20ac\/an.<\/p>\n\n\n\n<p id=\"u473-16\"><strong>Bien \u00e9videmment vos dons seront les bienvenus&nbsp;et b\u00e9n\u00e9ficieront des certificats fiscaux suivant les textes en vigueur.<\/strong><\/p>\n\n\n\n<p><strong><a href=\"https:\/\/terroir-solidaire.org\/index.php\/prenez-contact\/\" data-type=\"page\" data-id=\"98\">Contactez-nous<\/a> pour vous informer sur la mani\u00e8re d\u2019offrir vos dons<\/strong>.<\/p>\n\n\n\n<p><\/p>\n","protected":false},"excerpt":{"rendered":"<p>Nos moyens Ni le Relais Saint Martin, ni la Parenth\u00e8se, ni la S\u00e9ca ne souhaitent en aucune fa\u00e7on se substituer aux acteurs institutionnels agissant dans le domaine du conseil ou de l\u2019assistance. Elles souhaitent plus simplement mettre \u00e0 la disposition des Centres M\u00e9dico-Sociaux et des CCAS qui \u0153uvrent dans son p\u00e9rim\u00e8tre d\u2019activit\u00e9, des outils de &#8230; <a title=\"Soutenir notre action\" class=\"read-more\" href=\"https:\/\/terroir-solidaire.org\/index.php\/soutenir-notre-action\/\" aria-label=\"En savoir plus sur Soutenir notre action\">Lire la suite<\/a><\/p>\n","protected":false},"author":1,"featured_media":0,"parent":0,"menu_order":0,"comment_status":"closed","ping_status":"closed","template":"","meta":{"footnotes":""},"class_list":["post-72","page","type-page","status-publish"],"_links":{"self":[{"href":"https:\/\/terroir-solidaire.org\/index.php\/wp-json\/wp\/v2\/pages\/72","targetHints":{"allow":["GET"]}}],"collection":[{"href":"https:\/\/terroir-solidaire.org\/index.php\/wp-json\/wp\/v2\/pages"}],"about":[{"href":"https:\/\/terroir-solidaire.org\/index.php\/wp-json\/wp\/v2\/types\/page"}],"author":[{"embeddable":true,"href":"https:\/\/terroir-solidaire.org\/index.php\/wp-json\/wp\/v2\/users\/1"}],"replies":[{"embeddable":true,"href":"https:\/\/terroir-solidaire.org\/index.php\/wp-json\/wp\/v2\/comments?post=72"}],"version-history":[{"count":3,"href":"https:\/\/terroir-solidaire.org\/index.php\/wp-json\/wp\/v2\/pages\/72\/revisions"}],"predecessor-version":[{"id":105,"href":"https:\/\/terroir-solidaire.org\/index.php\/wp-json\/wp\/v2\/pages\/72\/revisions\/105"}],"wp:attachment":[{"href":"https:\/\/terroir-solidaire.org\/index.php\/wp-json\/wp\/v2\/media?parent=72"}],"curies":[{"name":"wp","href":"https:\/\/api.w.org\/{rel}","templated":true}]}}